 17 is divided by (8/j)/(2/(-10))?
1
Let x(l) = 4*l + 29. Let j be x(-12). Calculate the remainder when 25 is divided by (j - 2)/((-18)/12).
11
Let j(l) = l**2 - 3*l + 2. Let x be j(-4). Let m be (x/9)/(8/36). Suppose -14*y + m*y = 11. What is the remainder when 76 is divided by y?
10
Suppose 5*y - 83 + 3 = 0. Let g(v) = 5*v - 6. Let w be g(y). Calculate the remainder when -21*(w/(-14) - -1) is divided by 31.
28
Suppose 58*r + 629 - 450 = 1919. Suppose 0*v = 5*v - 25. What is the remainder when r is divided by v?
0
Let s = 101 - 39. Calculate the remainder when 167 is divided by s.
43
Suppose 0 = 59*f - 63*f + 48. What is the remainder when 203 is divided by f?
11
Calculate the remainder when 88 is divided by (3/2 + -1)*26.
10
Let c(q) = -66*q + 4. Calculate the remainder when c(-1) is divided by 19.
13
Let k = 206 + -146. What is the remainder when k is divided by 14?
4
Suppose 2*u = -2*d - 2*u - 2, -4*d - u = -10. What is the remainder when 116/d + (9/27 - 0) is divided by 11?
6
What is the remainder when 129 is divided by 2/(4/(-45))*1204/(-1505)?
3
Suppose -7*p = -3*p. Suppose p = 3*c + c. Suppose -9*v + 5*v + 52 = c. Calculate the remainder when v is divided by 8.
5
Let o = 2078 - 1938. What is the remainder when o is divided by 80?
60
Let k(j) = -2*j**2 + 77*j + 134. What is the remainder when 37 is divided by k(40)?
9
Let w(k) = k**2 + 25*k - 300. What is the remainder when w(-37) is divided by 11?
1
Suppose -76*b + 77*b - 3*v - 325 = 0, -325 = -b - v. Calculate the remainder when b is divided by 22.
17
Suppose -960 = -18*z + 10*z. Let u = -51 + z. Calculate the remainder when u is divided by 26.
17
Let a(u) = -5*u + 6*u + 2*u. What is the remainder when 140/6*(5 - 2) is divided by a(6)?
16
Suppose 0 = -5*r + z + 25, -2*r + 5*z + 9 = -6*r. Suppose m + 234 = r*m. What is the remainder when m is divided by (-4)/40*-5 - (-78)/4?
18
Let d(o) = -o**3 + 12*o**2 + 32*o + 5. Let y(l) = -l**2 - 9*l + 2. What is the remainder when d(14) is divided by y(-7)?
13
Let o(b) = -10*b**3 - 2*b**2 - 3*b - 2. Let n be o(-2). What is the remainder when 35 is divided by (-2 + -2)*n/(-16)?
16
Suppose -3*o + 5*f = -40 - 39, -f - 77 = -4*o. What is the remainder when 34 is divided by o?
16
Let r(b) = -b**3 - 26*b**2 + 25*b - 34. What is the remainder when 178 is divided by r(-27)?
18
What is the remainder when 92 is divided by 105/(-6)*114/(-133)?
2
Suppose -3*w + 2*y + 347 = 0, 0 = w + 14*y - 13*y - 124. What is the remainder when w is divided by 24?
23
Let p(u) be the second derivative of -7*u**3/6 + 5*u**2 + 19*u. Calculate the remainder when p(-5) is divided by 13.
6
Let z = -12 - -24. Let k(d) = -5*d + 2*d**3 - 3*d**3 - 19 + 6*d**2 + 3*d**2. Calculate the remainder when z is divided by k(8).
2
Suppose 2*n - 5*m - 13 = 0, 3*m = -2*n + 2*m + 7. Suppose -n*a = -a - 153. Suppose 11*b - 14*b = -a. Calculate the remainder when 49 is divided by b.
15
Let s(v) = v**2 + 3*v - 70. What is the remainder when s(10) is divided by 22?
16
Suppose 2*c - 7*c + 45 = 0. What is the remainder when 12 is divided by c?
3
Let m = -1228 + 1304. Calculate the remainder when 199 is divided by m.
47
Let r(l) = 2*l - 13. Let o be r(9). Let i = o + -14. Calculate the remainder when 353/6 - i/54 is divided by 12.
11
Calculate the remainder when 45/4 + (-2)/8 is divided by 8 + (16/(-4) - -2).
5
Let b(x) = -x**3 + 69*x**2 - 132*x - 127. Calculate the remainder when 2/5 + 226/10 is divided by b(67).
2
Suppose 0 = 17*q - 19*q + 12. Let l(o) = o**2 - 7*o - 2. Let y be l(7). Let w(m) = -10*m - 1. What is the remainder when w(y) is divided by q?
1
Suppose 69*d + 125 = 71*d - 3*y, 0 = 5*y - 5. What is the remainder when d is divided by 3?
1
Suppose 5*i - 7*i = -3*r - 333, -4*i - 3*r = -657. What is the remainder when i is divided by 28?
25
Let b = 25 + 20. Suppose -20*k = -23*k + b. What is the remainder when k is divided by 6?
3
Let a = -24 + 42. Suppose 3*h + 179 = 2*z, 4*z = 2*h + 59 + 295. What is the remainder when z is divided by a?
16
Suppose 4*c - 19 = 117. Let x = c + -21. Suppose -185 = -5*h + 65. What is the remainder when h is divided by x?
11
Let o be -1 - (-12 - 2)/(-2). Let z be ((-2)/4)/(2/164). Let t = o - z. Calculate the remainder when t is divided by 17.
16
Suppose -4*s - s = 0. Suppose 8 = b - s*b. Let q = b - 2. Calculate the remainder when q is divided by 2.
0
Suppose 0 = -2*s + 5*h + 15, -5*s + 5*h - 36 + 96 = 0. What is the remainder when s is divided by 6?
3
Let z = 811 - 802. What is the remainder when (-4*1)/((-4)/16) is divided by z?
7
Let w = 5 + 31. What is the remainder when (-1 - -214) + 0/(-6) is divided by w?
33
Suppose -g - 3*k = 10, 4*g - 2*k - 21 = 9. Suppose -64*p + 55*p = -171. Calculate the remainder when p is divided by g.
4
Let l = -81 + 81. Suppose 3*v + l*v = 51. Calculate the remainder when v is divided by 2.
1
Let b = 537 - 482. Calculate the remainder when 328 is divided by b.
53
Let x = -38 + 34. What is the remainder when 7 is divided by (x/(-3))/((-4)/(-6))?
1
Let o(r) = r**2 + 8*r - 4. Let g(w) = 2*w. Let i be g(-5). Let z be o(i). Suppose -z = -3*v + 2. What is the remainder when 9 is divided by v?
3
Let j(n) = -n**3 + 17*n**2 + 20*n - 19. Suppose 3*p - 84 = 3*q, 4*p + 5*q = -0*p + 157. What is the remainder when p is divided by j(18)?
16
Suppose 94 - 13 = 3*g. Let a(x) = -34*x + 14. Let c(j) = -j + 1. Let l(u) = 4*a(u) - 56*c(u). What is the remainder when l(-1) is divided by g?
26
Let o(g) = -g**2 + 5*g - 1. Let v be o(4). Suppose v*w - c - 11 = 0, -3*w + 5*c = -5 - 14. Let m = -2 - -3. What is the remainder when w is divided by m?
0
Suppose -2*k = 2*w - 74, -w - 2*k + 33 + 2 = 0. Let z(x) = -x**2 + 5*x - 5. Let r be z(5). Let n(j) = -2*j. Calculate the remainder when w is divided by n(r).
9
Let a(z) = 1. Let v(g) = -g + 6. Let n(u) = 5*a(u) + v(u). Let d be n(6). Suppose -3*m + d = 2*m. What is the remainder when 2 is divided by m?
0
Let l be 3/(-4) - (-1148)/16. Let t = l - 30. Suppose -t = -3*h + 2*g, -4*g + 9 = h - 0*g. What is the remainder when h is divided by 5?
3
Let y(f) = -f**3 - 9*f**2 + f + 7. Let h be y(-9). Calculate the remainder when 3 + 51*(-1 - h) is divided by 28.
26
Suppose 8*i - 10*i = 0. Suppose 0 = -5*r + 2*v, -3*r = -i*v - 3*v + 9. Let s(k) = 11*k**2 - 3*k + 2. Calculate the remainder when s(r) is divided by 21.
19
Suppose 87 - 37 = a. Suppose -2*d = 3*t - 94, -t - 2*d + 6*d + a = 0. What is the remainder when t is divided by 18?
16
Let d = -861 + 834. Suppose 2*p + 208 = 6*p. Let z = p + d. Calculate the remainder when z is divided by 9.
7
Suppose -v = 3*c - 421, 2*c + 2*v - 279 = v. What is the remainder when c is divided by 13?
12
Suppose 68 = 2*j - 0. Suppose -1 = -8*i + 47. What is the remainder when j is divided by i?
4
Let c be 184/(-18) + 6/27. Let t(r) = -16*r + 18. Let b(i) = 43*i - 54. Let y(g) = 4*b(g) + 11*t(g). What is the remainder when 41 is divided by y(c)?
19
Let y be 2 + 2 + -2 + 96. Let n = -59 + y. Let u(o) = 5*o - 1. Calculate the remainder when n is divided by u(3).
11
Let s = -262 - -290. Suppose -5*k = -3*m - 365, 2*k + 660 = -3*m - 2*m. Let i = m - -211. What is the remainder when i is divided by s?
25
Let h(c) = c**3 - 9*c**2 - 12*c + 44. Calculate the remainder when 34 is divided by h(10).
10
Suppose 5*j - 4*j - 25 = -4*x, j = -7*x + 16. What is the remainder when 182 is divided by j?
34
Let t = -1605 - -1637. Calculate the remainder when 63 is divided by t.
31
Let x = 1096 + -1055. Let c(s) = -204*s**3 - s**2 + 1. Calculate the remainder when c(-1) is divided by x.
40
Let h(k) = -k**3 - 5*k**2 - 2*k - 3. Let y be (-249)/4*(-4)/3. Let n = y - 59. Calculate the remainder when h(-6) is divided by n.
21
Suppose -2*w + 23 - 7 = 0. Suppose -4*h + w*h - 8 = 0. Suppose -5 = -m - m + 3*x, 0 = 3*m - 3*x - 6. What is the remainder when h is divided by m?
0
Suppose -6*t + 42 = 40 - 82. What is the remainder when 4/14 - (-612)/14 is divided by t?
2
Calculate the remainder when 724*(8 - 6)/4 is divided by 46.
40
Suppose s + u = -319, s - u = -4*s - 1607. Let d = -199 - s. Calculate the remainder when d is divided by 25.
22
Let x(l) = 4*l**2 + 52*l + 2. What is the remainder when x(-14) is divided by 22?
14
Let c = 266 - 57. Calculate the remainder when c is divided by 53.
50
Suppose -2*k = -4*m, 